530. Calculate t(62).
4
Let w(h) = 102567*h + 3897550. Determine w(-38).
4
Let h(z) = z**2 - 56*z - 1254. What is h(75)?
171
Let p(m) = 19986*m - 179883. Determine p(9).
-9
Let l(a) = 18*a**2 - 7063*a + 16771. Calculate l(390).
1
Let v(x) = -8*x**2 - 185*x + 1236. What is v(7)?
-451
Let x(t) = -277*t + 20770. What is x(81)?
-1667
Let o(a) = 1154*a**2 - 664*a - 664. What is o(-1)?
1154
Let w(p) = 2299*p + 156333. Calculate w(-68).
1
Let u(s) = -462*s**3 + 11547*s**2 + 37*s - 252. Determine u(25).
-1202
Let u(k) = -k**3 - 60*k**2 - 148*k + 1643. Determine u(-57).
332
Let k(a) = 88104*a - 528610. Calculate k(6).
14
Let j(q) = -2*q**2 - 1249*q - 189062. Calculate j(-367).
-57
Let d(u) = -2*u**3 - 82*u**2 + 240*u + 2913. Give d(-43).
-11
Let m(g) = -159*g + 3014. Determine m(19).
-7
Let o(n) = -n**2 + 22*n + 47. What is o(0)?
47
Let q(r) = -5141*r - 56262. What is q(-11)?
289
Let j(o) = 27453*o + 54830. Determine j(-2).
-76
Let s(w) = -2931*w + 52020. Calculate s(19).
-3669
Let p(s) = -2*s**2 + 103*s + 343. What is p(55)?
-42
Let n(o) = -2124*o + 509736. What is n(240)?
-24
Let d(c) = 4*c**3 - 273*c**2 + 66*c + 102. Calculate d(68).
-34
Let c(y) = -y**3 + y**2 + 235*y + 102. Determine c(-15).
177
Let t(k) = -43*k - 3960. What is t(-49)?
-1853
Let b(y) = -2*y**3 - 40*y**2 - 62*y - 429. Determine b(-19).
27
Let w(q) = -q**3 - 328*q**2 - 2849*q + 7074. Determine w(-319).
56
Let g(t) = 2610*t - 1273731. What is g(488)?
-51
Let s(o) = 134*o - 2356. What is s(-2)?
-2624
Let x(i) = 2*i**3 + 98*i**2 + 23*i + 1521. Calculate x(-49).
394
Let s(o) = 556*o - 132195. Determine s(240).
1245
Let x(f) = -2*f**3 + 79*f**2 + 729*f + 4. Calculate x(0).
4
Let o(q) = -2603050*q + 124946405. What is o(48)?
5
Let d(p) = p**2 + 277*p + 18952. What is d(-142)?
-218
Let n(j) = 73568*j + 1544919. Determine n(-21).
-9
Let l(a) = 7*a**3 - 172*a**2 - 399*a - 1617. Calculate l(27).
3
Let v(s) = 14*s - 775. Give v(49).
-89
Let i(u) = -2666*u**2 - 29293*u + 345. Give i(-11).
-18
Let z(u) = -13*u**2 - 2742*u - 5204. Calculate z(-209).
21
Let w(g) = -g**3 - 36*g**2 + 388*g + 1537. What is w(-44)?
-47
Let t(j) = 2*j**3 - 410*j**2 - 9495*j + 926. Determine t(226).
248
Let i(w) = 227*w**2 - 2570*w + 803. Calculate i(11).
0
Let a(h) = -3466*h + 91997. What is a(26)?
1881
Let w(b) = -b**3 + 83*b**2 - 652*b + 26536. Determine w(79).
-8
Let z(k) = 83554*k - 2673727. Give z(32).
1
Let v(x) = 8*x - 148. Determine v(-46).
-516
Let r(x) = 28*x**2 + 542*x - 1611. Calculate r(3).
267
Let o(d) = d**2 + 42*d - 401. What is o(-69)?
1462
Let o(u) = -134*u - 7512. Determine o(-55).
-142
Let z(r) = 2*r**3 - 182*r**2 - 313*r + 11974. What is z(92)?
106
Let g(l) = -l**3 - 7*l**2 + 55*l + 5. Calculate g(6).
-133
Let z(b) = 1838*b - 12278. Determine z(7).
588
Let s(k) = 1003*k - 68846. Determine s(69).
361
Let i(k) = 2*k**2 - 13901*k + 799519. Calculate i(58).
-11
Let p(i) = 58736*i - 2349462. Calculate p(40).
-22
Let v(c) = 2656*c - 52380. Give v(19).
-1916
Let q(f) = 869*f - 215548. What is q(248)?
-36
Let g(t) = -138*t**2 - 4693*t - 50. What is g(-34)?
-16
Let z(b) = 1578*b + 24324. Determine z(-16).
-924
Let r(g) = 2*g**3 + 35*g**2 + 208*g - 22. Give r(-11).
-737
Let q(c) = c**3 + 95*c**2 - 202*c - 767. Calculate q(-97).
9
Let u(d) = 4*d**2 - 111*d + 1387. Give u(25).
1112
Let g(c) = 25*c**2 - 3352*c + 48. Calculate g(134).
-220
Let h(f) = 4*f**3 - 279*f**2 - 77*f - 173. Calculate h(70).
-663
Let v(m) = 3*m**2 - 1767*m + 1773. Determine v(1).
9
Let h(o) = o**3 - 122*o**2 - 259*o + 100. Give h(124).
-1264
Let w(x) = x**2 - 131*x + 3523. What is w(37)?
45
Let j(w) = -2*w**3 + 661*w**2 - 299*w - 10246. Determine j(330).
-16
Let x(m) = 6*m**2 + 769*m - 10963. What is x(-141)?
-106
Let a(n) = 3*n**2 + 334*n + 441. Give a(-116).
2065
Let y(m) = 1099*m - 60391. What is y(55)?
54
Let y(t) = -28*t**2 + 90*t - 70. Give y(2).
-2
Let l(r) = -r**3 - 26*r**2 + 102*r - 52. Determine l(3).
-7
Let t(b) = 15*b**2 + 241*b - 86. Give t(-17).
152
Let y(t) = t**3 - 8*t**2 + 97*t - 615. Give y(12).
1125
Let v(f) = -2*f**2 - 1553*f + 81760. Determine v(-826).
-14
Let l(y) = 19*y**2 + 2797*y - 112166. Give l(-180).
-26
Let d(k) = 83304*k + 749739. Give d(-9).
3
Let b(s) = s**3 - 4*s**2 + 7*s + 3285. Calculate b(0).
3285
Let z(l) = l**3 + 22*l**2 + 84*l - 256. Give z(-8).
-32
Let g(y) = y**3 + y**2 + 2031*y + 6084. Give g(-3).
-27
Let q(p) = -277*p + 2999. Determine q(12).
-325
Let z(k) = k**3 + 21*k**2 - 93*k + 184. Calculate z(-20).
2444
Let k(c) = -c**2 + 818*c + 49864. Determine k(-57).
-11
Let m(j) = j**3 - 8*j**2 + 103*j - 251. Give m(3).
13
Let g(r) = -4*r**2 - 2037*r - 258123. Give g(-237).
-30
Let h(s) = s**2 + 12*s - 715. What is h(37)?
1098
Let f(y) = 3011*y + 834. Determine f(1).
3845
Let b(y) = -282*y + 3392. Calculate b(12).
8
Let i(l) = l**3 + 48*l**2 - 459*l - 23932. Determine i(-47).
-150
Let y(t) = -991*t - 110020. Calculate y(-111).
-19
Let a(x) = -x**2 - 925*x + 72860. What is a(73)?
6
Let z(u) = 4*u**2 + 761*u - 498. Determine z(-191).
75
Let h(s) = -373210*s - 2985696. What is h(-8)?
-16
Let s(g) = -g**2 + 466*g + 14953. Give s(-30).
73
Let x(w) = 12*w**2 - 532*w - 3526. Calculate x(50).
-126
Let w(p) = 85*p + 4836. What is w(-55)?
161
Let v(y) = 2*y**3 - 51*y**2 + 129*y + 9. Give v(23).
331
Let z(m) = m**2 - 1827*m + 172691. What is z(100)?
-9
Let i(q) = 2*q**3 - 14*q**2 - 1089*q + 4456. Determine i(4).
4
Let t(y) = -y**3 - 51*y**2 + 112*y + 239. What is t(-53)?
-79
Let d(k) = -k**2 + 1237*k - 20743. What is d(17)?
-3
Let w(q) = -q**3 + 9*q**2 + 30*q + 1564. Calculate w(17).
-238
Let w(x) = -11*x**2 + 8604*x - 1530. Calculate w(782).
34
Let h(j) = 7*j**3 + 472*j**2 + 1572*j + 91873. Give h(-67).
16
Let y(s) = -4302*s - 53740. What is y(-13)?
2186
Let s(u) = 156*u**2 + 34137*u - 5915. Give s(-219).
-2
Let p(i) = i**3 - 67*i**2 + 334*i - 2. Determine p(6).
-194
Let d(j) = j**3 - 193*j**2 + 4546*j - 34072. What is d(167)?
-4
Let u(w) = w**2 + 346*w + 23690. Calculate u(-252).
2
Let b(t) = 1482*t + 8622. Determine b(-6).
-270
Let n(m) = -m**3 - 1019*m**2 - 3054*m - 6090. Determine n(-1016).
6
Let b(m) = 2*m**2 - 2650*m - 13312. Determine b(-5).
-12
Let c(a) = -1325*a**2 + 22*a - 72. Determine c(0).
-72
Let c(i) = -223*i - 6147. What is c(-28)?
97
Let r(x) = x**3 + 77*x**2 + 200*x - 200. Give r(-74).
1428
Let z(p) = -p**3 - 22*p**2 + 19*p + 26. Give z(-22).
-392
Let n(z) = -7997*z - 1247568. Calculate n(-156).
-36
Let n(d) = d**2 - 143551*d - 861338. Determine n(-6).
4
Let y(b) = b**3 + 36*b**2 + 300*b + 106. Determine y(-23).
83
Let y(v) = 2*v**3 - 56*v**2 + 237*v - 29. What is y(23)?
132
Let l(d) = 1650*d - 156765. Calculate l(95).
-15
Let n(x) = -4*x**2 - 134*x - 1040. Determine n(-12).
-8
Let n(i) = i**3 + 4*i**2 - 97*i - 177. Give n(-4).
211
Let k(u) = u**3 + 32*u**2 + 133*u + 26. What is k(-27)?
80
Let n(a) = -372*a + 3969. Give n(12).
-495
Let t(f) = f**2 - 662207*f - 26489885. Determine t(-40).
-5
Let q(k) = 11*k**2 + 3893*k + 76600. What is q(-333)?
10
Let s(o) = o**3 + 316*o**2 + 22048*o + 126. What is s(-212)?
126
Let c(h) = -476*h - 6871. Calculate c(-15).
269
Let o(i) = 22432*i + 134607. Give o(-6).
15
Let o(k) = k**3 + 34*k**2 - 261*k + 1034. Give o(-41).
-32
Let m(g) = -1201*g + 56676. What is m(49)?
-2173
Let n(u) = 3321896*u + 3321889. Give n(-1).
-7
Let i(c) = 14217*c**2 + 142159*c - 70. Determine i(-10).
40
Let p(m) = 13*m**2 - 1096*m - 1940. Determine p(86).
-48
Let z(o) = -366*o - 166600. Calculate z(-459).
1394
Let o(u) = 71691*u - 6308854. Determine o(88).
-46
Let d(p) = -24*p**2 - 2186*p + 90. Determine d(-91).
272
Let p(i) = 5*i**2 + 116*i - 74. Give p(-22).
-206
Let t(m) = -7*m**2 + 4481*m - 91015. Give t(21).
-1
Let h(r) = -10*r**3 + 102*r**2 - 81*r - 199. What is h(9)?
44
Let d(k) = -1453*k**2 + 7271*k - 23. Determine d(5).
7
Let n(v) = 26*v**2 - 49*v + 113. What is n(-6)?
1343
Let r(o) = 3389*o + 786229. Determine r(-232).
-19
Let b(u) = -u**3 - 62*u**2 + 68*u - 76. Calculate b(-63).
-391
Let k(t) = t**2 + 4584*t - 321062. Calculate k(69).
-5
Let z(k) = -6797*k + 61238. Calculate z(9).
65
Let h(w) = -w**3 + 77*w**2 - 3*w + 1242. What is h(77)?
1011
Let p(c) = 7*c**2 + 83*c + 180. Calculate p(-7).
-58
Let s(p) = 13*p**3 - 16*p**2 + 22*p - 69. Determine s(2).
15
Let s(g) = -337